{"id":1739,"date":"2016-08-21T09:22:26","date_gmt":"2016-08-21T09:22:26","guid":{"rendered":"http:\/\/aquaticnotes.com\/2016\/?page_id=1739"},"modified":"2022-10-01T08:27:41","modified_gmt":"2022-10-01T08:27:41","slug":"books-mobile","status":"publish","type":"page","link":"https:\/\/aquaticnotes.com\/2016\/en\/books-mobile\/","title":{"rendered":"Books*"},"content":{"rendered":"<p><style>\nh2{<br \/>\n    font-family: MTCORSVA;<br \/>\n    font-size: 26px;<br \/>\n    font-weight: 300px;<br \/>\n    padding-top: 15px;<br \/>\ntext-align: center;<br \/>\n}<br \/>\n.autor<br \/>\n{<br \/>\nposition: relative;<br \/>\ntext-align: center;<br \/>\n    display: block;<br \/>\n    margin: 1em 0 0 0;<br \/>\n    padding: 1em 0 0 0;<br \/>\n    text-transform: uppercase;<br \/>\n    letter-spacing: 1px;<br \/>\n    font-weight: 400;<br \/>\n    font-size: 0.8em;<br \/>\n    font-family: \"Lato\", sans-serif;}<br \/>\n.details ul{ list-style:none;}<br \/>\n.details il{ width: 50%;}<br \/>\nh3{padding: 1em 0 0 0;}<br \/>\n<\/style><\/p>\n<h2>Bl\u00e9nidos del Mediterr\u00e1neo<\/h2>\n<div class=\"autor\">Jose M\u00aa Cid Ruiz<\/div>\n<style type=\"text\/css\">\n\t#foogallery-gallery-1750 .fg-image {\n        width: 356px;\n    }\n<\/style>\n\t\t\t\t<div class=\"foogallery foogallery-container foogallery-image-viewer foogallery-link-none foogallery-lightbox-foobox-free fg-center fg-image-viewer fg-light fg-border-thin fg-shadow-outline fg-loading-default fg-loaded-fade-in fg-ready\" id=\"foogallery-gallery-1750\" data-foogallery=\"{&quot;item&quot;:{&quot;showCaptionTitle&quot;:true,&quot;showCaptionDescription&quot;:true},&quot;lazy&quot;:true,&quot;template&quot;:{&quot;loop&quot;:true}}\" >\n\t<div class=\"fiv-inner\">\n\t\t<div class=\"fiv-inner-container\">\n\t\t\t<div class=\"fg-item fg-type-image fg-idle\"><figure class=\"fg-item-inner\"><a data-attachment-id=\"1743\" data-type=\"image\" class=\"fg-thumb\"><span class=\"fg-image-wrap\"><img fetchpriority=\"high\" decoding=\"async\" width=\"356\" height=\"563\" class=\"skip-lazy fg-image\" data-src-fg=\"https:\/\/aquaticnotes.com\/2016\/wp-content\/uploads\/blen-eng-1.jpg\" src=\"data:image\/svg+xml,%3Csvg%20xmlns%3D%22http%3A%2F%2Fwww.w3.org%2F2000%2Fsvg%22%20width%3D%22356%22%20height%3D%22563%22%20viewBox%3D%220%200%20356%20563%22%3E%3C%2Fsvg%3E\" loading=\"eager\"><\/span><span class=\"fg-image-overlay\"><\/span><\/a><figcaption class=\"fg-caption\"><div class=\"fg-caption-inner\"><\/div><\/figcaption><\/figure><div class=\"fg-loader\"><\/div><\/div><div class=\"fg-item fg-type-image fg-idle\"><figure class=\"fg-item-inner\"><a data-attachment-id=\"1744\" data-type=\"image\" class=\"fg-thumb\"><span class=\"fg-image-wrap\"><img decoding=\"async\" width=\"356\" height=\"494\" class=\"skip-lazy fg-image\" data-src-fg=\"https:\/\/aquaticnotes.com\/2016\/wp-content\/uploads\/cache\/blen-eng-2\/-922257532.jpg\" src=\"data:image\/svg+xml,%3Csvg%20xmlns%3D%22http%3A%2F%2Fwww.w3.org%2F2000%2Fsvg%22%20width%3D%22356%22%20height%3D%22494%22%20viewBox%3D%220%200%20356%20494%22%3E%3C%2Fsvg%3E\" loading=\"eager\"><\/span><span class=\"fg-image-overlay\"><\/span><\/a><figcaption class=\"fg-caption\"><div class=\"fg-caption-inner\"><\/div><\/figcaption><\/figure><div class=\"fg-loader\"><\/div><\/div><div class=\"fg-item fg-type-image fg-idle\"><figure class=\"fg-item-inner\"><a data-attachment-id=\"1745\" data-type=\"image\" class=\"fg-thumb\"><span class=\"fg-image-wrap\"><img decoding=\"async\" width=\"356\" height=\"401\" class=\"skip-lazy fg-image\" data-src-fg=\"https:\/\/aquaticnotes.com\/2016\/wp-content\/uploads\/cache\/blen-eng-3\/-312209423.jpg\" src=\"data:image\/svg+xml,%3Csvg%20xmlns%3D%22http%3A%2F%2Fwww.w3.org%2F2000%2Fsvg%22%20width%3D%22356%22%20height%3D%22401%22%20viewBox%3D%220%200%20356%20401%22%3E%3C%2Fsvg%3E\" loading=\"eager\"><\/span><span class=\"fg-image-overlay\"><\/span><\/a><figcaption class=\"fg-caption\"><div class=\"fg-caption-inner\"><\/div><\/figcaption><\/figure><div class=\"fg-loader\"><\/div><\/div><div class=\"fg-item fg-type-image fg-idle\"><figure class=\"fg-item-inner\"><a data-attachment-id=\"1746\" data-type=\"image\" class=\"fg-thumb\"><span class=\"fg-image-wrap\"><img decoding=\"async\" width=\"356\" height=\"411\" class=\"skip-lazy fg-image\" data-src-fg=\"https:\/\/aquaticnotes.com\/2016\/wp-content\/uploads\/cache\/blen-eng-4\/93030804.jpg\" src=\"data:image\/svg+xml,%3Csvg%20xmlns%3D%22http%3A%2F%2Fwww.w3.org%2F2000%2Fsvg%22%20width%3D%22356%22%20height%3D%22411%22%20viewBox%3D%220%200%20356%20411%22%3E%3C%2Fsvg%3E\" loading=\"eager\"><\/span><span class=\"fg-image-overlay\"><\/span><\/a><figcaption class=\"fg-caption\"><div class=\"fg-caption-inner\"><\/div><\/figcaption><\/figure><div class=\"fg-loader\"><\/div><\/div><div class=\"fg-item fg-type-image fg-idle\"><figure class=\"fg-item-inner\"><a data-attachment-id=\"1747\" data-type=\"image\" class=\"fg-thumb\"><span class=\"fg-image-wrap\"><img decoding=\"async\" width=\"356\" height=\"409\" class=\"skip-lazy fg-image\" data-src-fg=\"https:\/\/aquaticnotes.com\/2016\/wp-content\/uploads\/cache\/blen-eng-5\/568914401.jpg\" src=\"data:image\/svg+xml,%3Csvg%20xmlns%3D%22http%3A%2F%2Fwww.w3.org%2F2000%2Fsvg%22%20width%3D%22356%22%20height%3D%22409%22%20viewBox%3D%220%200%20356%20409%22%3E%3C%2Fsvg%3E\" loading=\"eager\"><\/span><span class=\"fg-image-overlay\"><\/span><\/a><figcaption class=\"fg-caption\"><div class=\"fg-caption-inner\"><\/div><\/figcaption><\/figure><div class=\"fg-loader\"><\/div><\/div>\t\t<\/div>\n\t\t<div class=\"fiv-ctrls\">\n\t\t\t<div class=\"fiv-prev\"><span>&lt;<\/span><\/div>\n\t\t\t<label class=\"fiv-count\"><span class=\"fiv-count-current\">1<\/span>\/<span class=\"fiv-count-total\">5<\/span><\/label>\n\t\t\t<div class=\"fiv-next\"><span>&gt;<\/span><\/div>\n\t\t<\/div>\n\t<\/div>\n<\/div>\n<div class=\"details\">\n<ul>\n<li>Manual de introducci\u00f3n para el reconocimiento, recolecci\u00f3n, mantenimiento y reproducci\u00f3n de las especies de bl\u00e9nidos que pueblan las costas del Mediterr\u00e1neo Espa\u00f1ol<\/li>\n<li><b>Anarpa<\/b><\/li>\n<li><b>ISBN 84-604-7973-0<\/b><\/li>\n<li><b>214 pags<\/b><\/li>\n<\/ul>\n<h3>Are you interested in a copy?<br \/><a href=\"#comentario\">Place your order here<\/a><\/h3>\n<\/div>\n<h2>El Agua del Acuario<\/h2>\n<div class=\"autor\">Jose M\u00aa Cid Ruiz<\/div>\n<style type=\"text\/css\">\n\t#foogallery-gallery-1759 .fg-image {\n        width: 360px;\n    }\n<\/style>\n\t\t\t\t<div class=\"foogallery foogallery-container foogallery-image-viewer foogallery-link-image foogallery-lightbox-foobox-free fg-center fg-image-viewer fg-light fg-border-thin fg-shadow-outline fg-loading-default fg-loaded-fade-in fg-ready\" id=\"foogallery-gallery-1759\" data-foogallery=\"{&quot;item&quot;:{&quot;showCaptionTitle&quot;:true,&quot;showCaptionDescription&quot;:true},&quot;lazy&quot;:true,&quot;template&quot;:{&quot;loop&quot;:true}}\" >\n\t<div class=\"fiv-inner\">\n\t\t<div class=\"fiv-inner-container\">\n\t\t\t<div class=\"fg-item fg-type-image fg-idle\"><figure class=\"fg-item-inner\"><a href=\"https:\/\/aquaticnotes.com\/2016\/wp-content\/uploads\/agua-eng-1.jpg\" data-attachment-id=\"1752\" data-type=\"image\" class=\"fg-thumb\"><span class=\"fg-image-wrap\"><img decoding=\"async\" width=\"360\" height=\"394\" class=\"skip-lazy fg-image\" data-src-fg=\"https:\/\/aquaticnotes.com\/2016\/wp-content\/uploads\/cache\/agua-eng-1\/-1691635626.jpg\" src=\"data:image\/svg+xml,%3Csvg%20xmlns%3D%22http%3A%2F%2Fwww.w3.org%2F2000%2Fsvg%22%20width%3D%22360%22%20height%3D%22394%22%20viewBox%3D%220%200%20360%20394%22%3E%3C%2Fsvg%3E\" loading=\"eager\"><\/span><span class=\"fg-image-overlay\"><\/span><\/a><figcaption class=\"fg-caption\"><div class=\"fg-caption-inner\"><\/div><\/figcaption><\/figure><div class=\"fg-loader\"><\/div><\/div><div class=\"fg-item fg-type-image fg-idle\"><figure class=\"fg-item-inner\"><a href=\"https:\/\/aquaticnotes.com\/2016\/wp-content\/uploads\/agua-eng-2.jpg\" data-attachment-id=\"1753\" data-type=\"image\" class=\"fg-thumb\"><span class=\"fg-image-wrap\"><img decoding=\"async\" width=\"360\" height=\"405\" class=\"skip-lazy fg-image\" data-src-fg=\"https:\/\/aquaticnotes.com\/2016\/wp-content\/uploads\/cache\/agua-eng-2\/580142397.jpg\" src=\"data:image\/svg+xml,%3Csvg%20xmlns%3D%22http%3A%2F%2Fwww.w3.org%2F2000%2Fsvg%22%20width%3D%22360%22%20height%3D%22405%22%20viewBox%3D%220%200%20360%20405%22%3E%3C%2Fsvg%3E\" loading=\"eager\"><\/span><span class=\"fg-image-overlay\"><\/span><\/a><figcaption class=\"fg-caption\"><div class=\"fg-caption-inner\"><\/div><\/figcaption><\/figure><div class=\"fg-loader\"><\/div><\/div><div class=\"fg-item fg-type-image fg-idle\"><figure class=\"fg-item-inner\"><a href=\"https:\/\/aquaticnotes.com\/2016\/wp-content\/uploads\/agua-eng-3.png\" data-attachment-id=\"1754\" data-type=\"image\" class=\"fg-thumb\"><span class=\"fg-image-wrap\"><img decoding=\"async\" width=\"360\" height=\"405\" class=\"skip-lazy fg-image\" data-src-fg=\"https:\/\/aquaticnotes.com\/2016\/wp-content\/uploads\/cache\/agua-eng-3\/372346885.png\" src=\"data:image\/svg+xml,%3Csvg%20xmlns%3D%22http%3A%2F%2Fwww.w3.org%2F2000%2Fsvg%22%20width%3D%22360%22%20height%3D%22405%22%20viewBox%3D%220%200%20360%20405%22%3E%3C%2Fsvg%3E\" loading=\"eager\"><\/span><span class=\"fg-image-overlay\"><\/span><\/a><figcaption class=\"fg-caption\"><div class=\"fg-caption-inner\"><\/div><\/figcaption><\/figure><div class=\"fg-loader\"><\/div><\/div><div class=\"fg-item fg-type-image fg-idle\"><figure class=\"fg-item-inner\"><a href=\"https:\/\/aquaticnotes.com\/2016\/wp-content\/uploads\/agua-eng-5.jpg\" data-attachment-id=\"1756\" data-type=\"image\" class=\"fg-thumb\"><span class=\"fg-image-wrap\"><img decoding=\"async\" width=\"360\" height=\"397\" class=\"skip-lazy fg-image\" data-src-fg=\"https:\/\/aquaticnotes.com\/2016\/wp-content\/uploads\/cache\/agua-eng-5\/-1012763508.jpg\" src=\"data:image\/svg+xml,%3Csvg%20xmlns%3D%22http%3A%2F%2Fwww.w3.org%2F2000%2Fsvg%22%20width%3D%22360%22%20height%3D%22397%22%20viewBox%3D%220%200%20360%20397%22%3E%3C%2Fsvg%3E\" loading=\"eager\"><\/span><span class=\"fg-image-overlay\"><\/span><\/a><figcaption class=\"fg-caption\"><div class=\"fg-caption-inner\"><\/div><\/figcaption><\/figure><div class=\"fg-loader\"><\/div><\/div><div class=\"fg-item fg-type-image fg-idle\"><figure class=\"fg-item-inner\"><a href=\"https:\/\/aquaticnotes.com\/2016\/wp-content\/uploads\/agua-eng-4.jpg\" data-attachment-id=\"1755\" data-type=\"image\" class=\"fg-thumb\"><span class=\"fg-image-wrap\"><img decoding=\"async\" width=\"360\" height=\"389\" class=\"skip-lazy fg-image\" data-src-fg=\"https:\/\/aquaticnotes.com\/2016\/wp-content\/uploads\/cache\/agua-eng-4\/1448698762.jpg\" src=\"data:image\/svg+xml,%3Csvg%20xmlns%3D%22http%3A%2F%2Fwww.w3.org%2F2000%2Fsvg%22%20width%3D%22360%22%20height%3D%22389%22%20viewBox%3D%220%200%20360%20389%22%3E%3C%2Fsvg%3E\" loading=\"eager\"><\/span><span class=\"fg-image-overlay\"><\/span><\/a><figcaption class=\"fg-caption\"><div class=\"fg-caption-inner\"><\/div><\/figcaption><\/figure><div class=\"fg-loader\"><\/div><\/div><div class=\"fg-item fg-type-image fg-idle\"><figure class=\"fg-item-inner\"><a href=\"https:\/\/aquaticnotes.com\/2016\/wp-content\/uploads\/agua-eng-6.jpg\" data-attachment-id=\"1757\" data-type=\"image\" class=\"fg-thumb\"><span class=\"fg-image-wrap\"><img decoding=\"async\" width=\"360\" height=\"405\" class=\"skip-lazy fg-image\" data-src-fg=\"https:\/\/aquaticnotes.com\/2016\/wp-content\/uploads\/cache\/agua-eng-6\/2048754151.jpg\" src=\"data:image\/svg+xml,%3Csvg%20xmlns%3D%22http%3A%2F%2Fwww.w3.org%2F2000%2Fsvg%22%20width%3D%22360%22%20height%3D%22405%22%20viewBox%3D%220%200%20360%20405%22%3E%3C%2Fsvg%3E\" loading=\"eager\"><\/span><span class=\"fg-image-overlay\"><\/span><\/a><figcaption class=\"fg-caption\"><div class=\"fg-caption-inner\"><\/div><\/figcaption><\/figure><div class=\"fg-loader\"><\/div><\/div><div class=\"fg-item fg-type-image fg-idle\"><figure class=\"fg-item-inner\"><a href=\"https:\/\/aquaticnotes.com\/2016\/wp-content\/uploads\/agua-eng-7.png\" data-attachment-id=\"1758\" data-type=\"image\" class=\"fg-thumb\"><span class=\"fg-image-wrap\"><img decoding=\"async\" width=\"360\" height=\"390\" class=\"skip-lazy fg-image\" data-src-fg=\"https:\/\/aquaticnotes.com\/2016\/wp-content\/uploads\/cache\/agua-eng-7\/743360222.png\" src=\"data:image\/svg+xml,%3Csvg%20xmlns%3D%22http%3A%2F%2Fwww.w3.org%2F2000%2Fsvg%22%20width%3D%22360%22%20height%3D%22390%22%20viewBox%3D%220%200%20360%20390%22%3E%3C%2Fsvg%3E\" loading=\"eager\"><\/span><span class=\"fg-image-overlay\"><\/span><\/a><figcaption class=\"fg-caption\"><div class=\"fg-caption-inner\"><\/div><\/figcaption><\/figure><div class=\"fg-loader\"><\/div><\/div>\t\t<\/div>\n\t\t<div class=\"fiv-ctrls\">\n\t\t\t<div class=\"fiv-prev\"><span>&lt;<\/span><\/div>\n\t\t\t<label class=\"fiv-count\"><span class=\"fiv-count-current\">1<\/span>\/<span class=\"fiv-count-total\">7<\/span><\/label>\n\t\t\t<div class=\"fiv-next\"><span>&gt;<\/span><\/div>\n\t\t<\/div>\n\t<\/div>\n<\/div>\n<div class=\"details\">\n<ul>\n<li>Este libro te ayudar\u00e1 a fijar conceptos claros y sencillos acerca de la qu\u00edmica del acuario y con ello a que puedas desarrollar tus propios criterios de actuaci\u00f3n para el mantenimiento y reproducci\u00f3n de tus especies favoritas.<\/li>\n<li>\n<div style=\"font-family: MTCORSVA !important; font-size: 14 !important; color: #18538c;\">Aquatic Notes<\/div>\n<\/li>\n<li><b>ISBN 978-84-608-8847-5<\/b><\/li>\n<li><b>104 pags<\/b><\/li>\n<\/ul>\n<h3>Are you interested in a copy?<br \/><a href=\"#comentario\">Place your order here<\/a><\/h3>\n<\/div>\n\n\n<div style=\"margin-top:40px;\" id=\"comentario\">\n<h3>Place your order<\/h3>\n<p>Fill in the following fields and we will contact you as soon as possible<\/p>\n<div role=\"form\" class=\"wpcf7\" id=\"wpcf7-f1488-o1\" lang=\"es-ES\" dir=\"ltr\">\n<div class=\"screen-reader-response\"><p role=\"status\" aria-live=\"polite\" aria-atomic=\"true\"><\/p> <ul><\/ul><\/div>\n<form action=\"\/2016\/wp-json\/wp\/v2\/pages\/1739#wpcf7-f1488-o1\" method=\"post\" class=\"wpcf7-form init\" novalidate=\"novalidate\" data-status=\"init\">\n<div style=\"display: none;\">\n<input type=\"hidden\" name=\"_wpcf7\" value=\"1488\" \/>\n<input type=\"hidden\" name=\"_wpcf7_version\" value=\"5.6.4\" \/>\n<input type=\"hidden\" name=\"_wpcf7_locale\" value=\"es_ES\" \/>\n<input type=\"hidden\" name=\"_wpcf7_unit_tag\" value=\"wpcf7-f1488-o1\" \/>\n<input type=\"hidden\" name=\"_wpcf7_container_post\" value=\"0\" \/>\n<input type=\"hidden\" name=\"_wpcf7_posted_data_hash\" value=\"\" \/>\n<input type=\"hidden\" name=\"_wpcf7_recaptcha_response\" value=\"\" \/>\n<\/div>\n<p>Name (requeired)<br \/>\n    <span class=\"wpcf7-form-control-wrap\" data-name=\"your-name\"><input type=\"text\" name=\"your-name\" value=\"\" size=\"40\" class=\"wpcf7-form-control wpcf7-text wpcf7-validates-as-required\" aria-required=\"true\" aria-invalid=\"false\" \/><\/span> <\/p>\n<p>E-mail (requeired)<br \/>\n    <span class=\"wpcf7-form-control-wrap\" data-name=\"your-email\"><input type=\"email\" name=\"your-email\" value=\"\" size=\"40\" class=\"wpcf7-form-control wpcf7-text wpcf7-email wpcf7-validates-as-required wpcf7-validates-as-email\" aria-required=\"true\" aria-invalid=\"false\" \/><\/span> <\/p>\n<p>Subject<br \/>\n    <span class=\"wpcf7-form-control-wrap\" data-name=\"your-subject\"><input type=\"text\" name=\"your-subject\" value=\"\" size=\"40\" class=\"wpcf7-form-control wpcf7-text\" aria-invalid=\"false\" \/><\/span> <\/p>\n<p>Message<br \/>\n    <span class=\"wpcf7-form-control-wrap\" data-name=\"your-message\"><textarea name=\"your-message\" cols=\"40\" rows=\"10\" class=\"wpcf7-form-control wpcf7-textarea\" aria-invalid=\"false\"><\/textarea><\/span> <\/p>\n<p><input type=\"submit\" value=\"Submit\" class=\"wpcf7-form-control has-spinner wpcf7-submit\" \/><\/p>\n<p><\/br><\/p>\n<p style=\"display: none !important;\" class=\"akismet-fields-container\" data-prefix=\"_wpcf7_ak_\"><label>&#916;<textarea name=\"_wpcf7_ak_hp_textarea\" cols=\"45\" rows=\"8\" maxlength=\"100\"><\/textarea><\/label><input type=\"hidden\" id=\"ak_js_1\" name=\"_wpcf7_ak_js\" value=\"110\"\/><script>document.getElementById( \"ak_js_1\" ).setAttribute( \"value\", ( new Date() ).getTime() );<\/script><\/p><div class=\"wpcf7-response-output\" aria-hidden=\"true\"><\/div><\/form><\/div><\/div>\n","protected":false},"excerpt":{"rendered":"<p>Bl\u00e9nidos del Mediterr\u00e1neo Jose M\u00aa Cid Ruiz Manual de introducci\u00f3n para el reconocimiento, recolecci\u00f3n, mantenimiento y reproducci\u00f3n de las especies de bl\u00e9nidos que pueblan las costas del Mediterr\u00e1neo Espa\u00f1ol Anarpa ISBN 84-604-7973-0 214 pags Are you interested in a copy?Place your order here El Agua del Acuario Jose M\u00aa Cid Ruiz Este libro te ayudar\u00e1 [&hellip;]<\/p>\n","protected":false},"author":1,"featured_media":0,"parent":0,"menu_order":0,"comment_status":"closed","ping_status":"closed","template":"","meta":{"_themeisle_gutenberg_block_has_review":false,"_vp_format_video_url":"","_vp_image_focal_point":[],"footnotes":""},"yoast_head":"<!-- This site is optimized with the Yoast SEO plugin v22.8 - https:\/\/yoast.com\/wordpress\/plugins\/seo\/ -->\n<title>Books* - Aquatic Notes<\/title>\n<meta name=\"robots\" content=\"index, follow, max-snippet:-1, max-image-preview:large, max-video-preview:-1\" \/>\n<link rel=\"canonical\" href=\"https:\/\/aquaticnotes.com\/2016\/en\/books-mobile\/\" \/>\n<meta property=\"og:locale\" content=\"es_ES\" \/>\n<meta property=\"og:type\" content=\"article\" \/>\n<meta property=\"og:title\" content=\"Books* - Aquatic Notes\" \/>\n<meta property=\"og:description\" content=\"Bl\u00e9nidos del Mediterr\u00e1neo Jose M\u00aa Cid Ruiz Manual de introducci\u00f3n para el reconocimiento, recolecci\u00f3n, mantenimiento y reproducci\u00f3n de las especies de bl\u00e9nidos que pueblan las costas del Mediterr\u00e1neo Espa\u00f1ol Anarpa ISBN 84-604-7973-0 214 pags Are you interested in a copy?Place your order here El Agua del Acuario Jose M\u00aa Cid Ruiz Este libro te ayudar\u00e1 [&hellip;]\" \/>\n<meta property=\"og:url\" content=\"https:\/\/aquaticnotes.com\/2016\/en\/books-mobile\/\" \/>\n<meta property=\"og:site_name\" content=\"Aquatic Notes\" \/>\n<meta property=\"article:publisher\" content=\"https:\/\/www.facebook.com\/aquatic.notes\" \/>\n<meta property=\"article:modified_time\" content=\"2022-10-01T08:27:41+00:00\" \/>\n<meta name=\"twitter:card\" content=\"summary_large_image\" \/>\n<meta name=\"twitter:site\" content=\"@aquaticnotes\" \/>\n<meta name=\"twitter:label1\" content=\"Tiempo de lectura\" \/>\n\t<meta name=\"twitter:data1\" content=\"1 minuto\" \/>\n<script type=\"application\/ld+json\" class=\"yoast-schema-graph\">{\"@context\":\"https:\/\/schema.org\",\"@graph\":[{\"@type\":\"WebPage\",\"@id\":\"https:\/\/aquaticnotes.com\/2016\/en\/books-mobile\/\",\"url\":\"https:\/\/aquaticnotes.com\/2016\/en\/books-mobile\/\",\"name\":\"Books* - Aquatic Notes\",\"isPartOf\":{\"@id\":\"https:\/\/aquaticnotes.com\/2016\/#website\"},\"datePublished\":\"2016-08-21T09:22:26+00:00\",\"dateModified\":\"2022-10-01T08:27:41+00:00\",\"breadcrumb\":{\"@id\":\"https:\/\/aquaticnotes.com\/2016\/en\/books-mobile\/#breadcrumb\"},\"inLanguage\":\"es\",\"potentialAction\":[{\"@type\":\"ReadAction\",\"target\":[\"https:\/\/aquaticnotes.com\/2016\/en\/books-mobile\/\"]}]},{\"@type\":\"BreadcrumbList\",\"@id\":\"https:\/\/aquaticnotes.com\/2016\/en\/books-mobile\/#breadcrumb\",\"itemListElement\":[{\"@type\":\"ListItem\",\"position\":1,\"name\":\"Portada\",\"item\":\"https:\/\/aquaticnotes.com\/2016\/\"},{\"@type\":\"ListItem\",\"position\":2,\"name\":\"Books*\"}]},{\"@type\":\"WebSite\",\"@id\":\"https:\/\/aquaticnotes.com\/2016\/#website\",\"url\":\"https:\/\/aquaticnotes.com\/2016\/\",\"name\":\"Aquatic Notes\",\"description\":\"Web de informaci\u00f3n de acuariofilia\",\"publisher\":{\"@id\":\"https:\/\/aquaticnotes.com\/2016\/#organization\"},\"potentialAction\":[{\"@type\":\"SearchAction\",\"target\":{\"@type\":\"EntryPoint\",\"urlTemplate\":\"https:\/\/aquaticnotes.com\/2016\/?s={search_term_string}\"},\"query-input\":\"required name=search_term_string\"}],\"inLanguage\":\"es\"},{\"@type\":\"Organization\",\"@id\":\"https:\/\/aquaticnotes.com\/2016\/#organization\",\"name\":\"Aquatic Notes\",\"url\":\"https:\/\/aquaticnotes.com\/2016\/\",\"logo\":{\"@type\":\"ImageObject\",\"inLanguage\":\"es\",\"@id\":\"https:\/\/aquaticnotes.com\/2016\/#\/schema\/logo\/image\/\",\"url\":\"https:\/\/aquaticnotes.com\/2016\/wp-content\/uploads\/2015\/10\/logo_prueba1.png\",\"contentUrl\":\"https:\/\/aquaticnotes.com\/2016\/wp-content\/uploads\/2015\/10\/logo_prueba1.png\",\"width\":607,\"height\":600,\"caption\":\"Aquatic Notes\"},\"image\":{\"@id\":\"https:\/\/aquaticnotes.com\/2016\/#\/schema\/logo\/image\/\"},\"sameAs\":[\"https:\/\/www.facebook.com\/aquatic.notes\",\"https:\/\/x.com\/aquaticnotes\",\"https:\/\/www.youtube.com\/user\/AquaticNotes\",\"https:\/\/www.flickr.com\/photos\/125107252@N05\/\",\"https:\/\/www.instagram.com\/aquaticnotes\/\"]}]}<\/script>\n<!-- \/ Yoast SEO plugin. -->","yoast_head_json":{"title":"Books* - Aquatic Notes","robots":{"index":"index","follow":"follow","max-snippet":"max-snippet:-1","max-image-preview":"max-image-preview:large","max-video-preview":"max-video-preview:-1"},"canonical":"https:\/\/aquaticnotes.com\/2016\/en\/books-mobile\/","og_locale":"es_ES","og_type":"article","og_title":"Books* - Aquatic Notes","og_description":"Bl\u00e9nidos del Mediterr\u00e1neo Jose M\u00aa Cid Ruiz Manual de introducci\u00f3n para el reconocimiento, recolecci\u00f3n, mantenimiento y reproducci\u00f3n de las especies de bl\u00e9nidos que pueblan las costas del Mediterr\u00e1neo Espa\u00f1ol Anarpa ISBN 84-604-7973-0 214 pags Are you interested in a copy?Place your order here El Agua del Acuario Jose M\u00aa Cid Ruiz Este libro te ayudar\u00e1 [&hellip;]","og_url":"https:\/\/aquaticnotes.com\/2016\/en\/books-mobile\/","og_site_name":"Aquatic Notes","article_publisher":"https:\/\/www.facebook.com\/aquatic.notes","article_modified_time":"2022-10-01T08:27:41+00:00","twitter_card":"summary_large_image","twitter_site":"@aquaticnotes","twitter_misc":{"Tiempo de lectura":"1 minuto"},"schema":{"@context":"https:\/\/schema.org","@graph":[{"@type":"WebPage","@id":"https:\/\/aquaticnotes.com\/2016\/en\/books-mobile\/","url":"https:\/\/aquaticnotes.com\/2016\/en\/books-mobile\/","name":"Books* - Aquatic Notes","isPartOf":{"@id":"https:\/\/aquaticnotes.com\/2016\/#website"},"datePublished":"2016-08-21T09:22:26+00:00","dateModified":"2022-10-01T08:27:41+00:00","breadcrumb":{"@id":"https:\/\/aquaticnotes.com\/2016\/en\/books-mobile\/#breadcrumb"},"inLanguage":"es","potentialAction":[{"@type":"ReadAction","target":["https:\/\/aquaticnotes.com\/2016\/en\/books-mobile\/"]}]},{"@type":"BreadcrumbList","@id":"https:\/\/aquaticnotes.com\/2016\/en\/books-mobile\/#breadcrumb","itemListElement":[{"@type":"ListItem","position":1,"name":"Portada","item":"https:\/\/aquaticnotes.com\/2016\/"},{"@type":"ListItem","position":2,"name":"Books*"}]},{"@type":"WebSite","@id":"https:\/\/aquaticnotes.com\/2016\/#website","url":"https:\/\/aquaticnotes.com\/2016\/","name":"Aquatic Notes","description":"Web de informaci\u00f3n de acuariofilia","publisher":{"@id":"https:\/\/aquaticnotes.com\/2016\/#organization"},"potentialAction":[{"@type":"SearchAction","target":{"@type":"EntryPoint","urlTemplate":"https:\/\/aquaticnotes.com\/2016\/?s={search_term_string}"},"query-input":"required name=search_term_string"}],"inLanguage":"es"},{"@type":"Organization","@id":"https:\/\/aquaticnotes.com\/2016\/#organization","name":"Aquatic Notes","url":"https:\/\/aquaticnotes.com\/2016\/","logo":{"@type":"ImageObject","inLanguage":"es","@id":"https:\/\/aquaticnotes.com\/2016\/#\/schema\/logo\/image\/","url":"https:\/\/aquaticnotes.com\/2016\/wp-content\/uploads\/2015\/10\/logo_prueba1.png","contentUrl":"https:\/\/aquaticnotes.com\/2016\/wp-content\/uploads\/2015\/10\/logo_prueba1.png","width":607,"height":600,"caption":"Aquatic Notes"},"image":{"@id":"https:\/\/aquaticnotes.com\/2016\/#\/schema\/logo\/image\/"},"sameAs":["https:\/\/www.facebook.com\/aquatic.notes","https:\/\/x.com\/aquaticnotes","https:\/\/www.youtube.com\/user\/AquaticNotes","https:\/\/www.flickr.com\/photos\/125107252@N05\/","https:\/\/www.instagram.com\/aquaticnotes\/"]}]}},"_links":{"self":[{"href":"https:\/\/aquaticnotes.com\/2016\/wp-json\/wp\/v2\/pages\/1739"}],"collection":[{"href":"https:\/\/aquaticnotes.com\/2016\/wp-json\/wp\/v2\/pages"}],"about":[{"href":"https:\/\/aquaticnotes.com\/2016\/wp-json\/wp\/v2\/types\/page"}],"author":[{"embeddable":true,"href":"https:\/\/aquaticnotes.com\/2016\/wp-json\/wp\/v2\/users\/1"}],"replies":[{"embeddable":true,"href":"https:\/\/aquaticnotes.com\/2016\/wp-json\/wp\/v2\/comments?post=1739"}],"version-history":[{"count":8,"href":"https:\/\/aquaticnotes.com\/2016\/wp-json\/wp\/v2\/pages\/1739\/revisions"}],"predecessor-version":[{"id":25055,"href":"https:\/\/aquaticnotes.com\/2016\/wp-json\/wp\/v2\/pages\/1739\/revisions\/25055"}],"wp:attachment":[{"href":"https:\/\/aquaticnotes.com\/2016\/wp-json\/wp\/v2\/media?parent=1739"}],"curies":[{"name":"wp","href":"https:\/\/api.w.org\/{rel}","templated":true}]}}